 units digit of 259411013?
3
What is the ten thousands digit of 162140109?
4
What is the millions digit of 19566963?
9
What is the hundred thousands digit of 2886752445?
7
What is the ten millions digit of 2198303758?
9
What is the millions digit of 260544675?
0
What is the tens digit of 200149101?
0
What is the thousands digit of 189040570?
0
What is the ten thousands digit of 56071699?
7
What is the ten millions digit of 15439028?
1
What is the ten millions digit of 1488692790?
8
What is the hundred millions digit of 292898947?
2
What is the ten millions digit of 713510756?
1
What is the thousands digit of 212896910?
6
What is the ten millions digit of 3045837583?
4
What is the units digit of 36648719?
9
What is the ten millions digit of 62592535?
6
What is the hundreds digit of 106366190?
1
What is the hundred thousands digit of 81987988?
9
What is the hundred millions digit of 309065315?
3
What is the hundred thousands digit of 1337398936?
3
What is the ten millions digit of 6373575499?
7
What is the hundreds digit of 2460973559?
5
What is the ten millions digit of 4909825823?
0
What is the hundred thousands digit of 10262753?
2
What is the millions digit of 52923239?
2
What is the ten thousands digit of 3202847217?
4
What is the hundred millions digit of 172579766?
1
What is the millions digit of 55680377?
5
What is the tens digit of 529075342?
4
What is the hundred thousands digit of 466038652?
0
What is the hundred thousands digit of 96430765?
4
What is the thousands digit of 26121225?
1
What is the billions digit of 1731356392?
1
What is the hundred millions digit of 481819088?
4
What is the hundreds digit of 2897965065?
0
What is the tens digit of 78304068?
6
What is the thousands digit of 94047914?
7
What is the hundred millions digit of 157902253?
1
What is the ten millions digit of 1535099849?
3
What is the ten thousands digit of 67982673?
8
What is the hundred thousands digit of 47466886?
4
What is the ten thousands digit of 21344971?
4
What is the tens digit of 1897730?
3
What is the thousands digit of 560394597?
4
What is the ten millions digit of 5076693369?
7
What is the ten thousands digit of 189879951?
7
What is the tens digit of 36887924?
2
What is the units digit of 1980814638?
8
What is the tens digit of 129001899?
9
What is the ten thousands digit of 4862206?
6
What is the hundred millions digit of 1553583170?
5
What is the millions digit of 195008957?
5
What is the hundreds digit of 33039714?
7
What is the units digit of 755852157?
7
What is the units digit of 584533763?
3
What is the hundred thousands digit of 564581582?
5
What is the millions digit of 22057576?
2
What is the hundred millions digit of 177580951?
1
What is the units digit of 26415082?
2
What is the hundred thousands digit of 692780076?
7
What is the hundred thousands digit of 37438629?
4
What is the hundred thousands digit of 1196179621?
1
What is the tens digit of 4202910275?
7
What is the hundreds digit of 131065179?
1
What is the billions digit of 4844336378?
4
What is the hundred thousands digit of 556162857?
1
What is the hundreds digit of 82903019?
0
What is the tens digit of 373938676?
7
What is the ten millions digit of 1299350201?
9
What is the units digit of 314676415?
5
What is the millions digit of 114940358?
4
What is the thousands digit of 140052630?
2
What is the hundreds digit of 566535725?
7
What is the tens digit of 720806257?
5
What is the millions digit of 2213978533?
3
What is the units digit of 357196230?
0
What is the thousands digit of 148752263?
2
What is the ten millions digit of 83445312?
8
What is the ten thousands digit of 985940080?
4
What is the hundreds digit of 18978015?
0
What is the hundreds digit of 57593638?
6
What is the millions digit of 17127053?
7
What is the tens digit of 72932801?
0
What is the tens digit of 1458640427?
2
What is the tens digit of 97911736?
3
What is the hundreds digit of 2969553?
5
What is the tens digit of 42181860?
6
What is the thousands digit of 215693598?
3
What is the ten millions digit of 733216832?
3
What is the hundred millions digit of 4106668504?
1
What is the ten millions digit of 151232837?
5
What is the hundred millions digit of 7362960300?
3
What is the ten millions digit of 4324812612?
2
What is the thousands digit of 28613022?
3
What is the hundred millions digit of 427586022?
4
What is the ten millions digit of 1034488653?
3
What is the ten millions digit of 124404343?
2
What is the tens digit of 1352745391?
9
What is the tens digit of 114027014?
1
What is the thousands digit of 52411058?
1
What is the units digit of 3967832?
2
What is the hundred thousands digit of 14956930?
9
What is the ten millions digit of 23538335?
2
What is the thousands digit of 422729866?
9
What is the hundred thousands digit of 26607586?
6
What is the thousands digit of 32186006?
6
What is the hundred thousands digit of 730071175?
0
What is the hundreds digit of 500148349?
3
What is the hundreds digit of 203100?
1
What is the thousands digit of 99409306?
9
What is the units digit of 1188463753?
3
What is the units digit of 499008?
8
What is the hundred millions digit of 137338540?
1
What is the ten millions digit of 190010356?
9
What is the hundreds digit of 1862797350?
3
What is the hundred millions digit of 129843566?
1
What is the millions digit of 1003736073?
3
What is the tens digit of 143789854?
5
What is the thousands digit of 121560444?
0
What is the ten millions digit of 947781527?
4
What is the billions digit of 3783035336?
3
What is the units digit of 42126209?
9
What is the ten millions digit of 517965147?
1
What is the hundred thousands digit of 1139798454?
7
What is the hundreds digit of 12752546?
5
What is the tens digit of 811498291?
9
What is the hundred thousands digit of 163690000?
6
What is the units digit of 666900502?
2
What is the tens digit of 367206769?
6
What is the tens digit of 3310964875?
7
What is the hundred millions digit of 145479501?
1
What is the tens digit of 55959130?
3
What is the ten millions digit of 29498307?
2
What is the hundred thousands digit of 78525484?
5
What is the hundreds digit of 171252757?
7
What is the thousands digit of 4748463874?
3
What is the billions digit of 5164775384?
5
What is the tens digit of 712691095?
9
What is the hundred millions digit of 1411491104?
4
What is the thousands digit of 3702719144?
9
What is the hundred thousands digit of 23479408?
4
What is the hundred thousands digit of 56856547?
8
What is the millions digit of 5888413?
5
What is the ten millions digit of 45941862?
4
What is the hundreds digit of 42185588?
5
What is the thousands digit of 45230903?
0
What is the hundred thousands digit of 5836309784?
3
What is the millions digit of 711623789?
1
What is the tens digit of 1385530263?
6
What is the millions digit of 7058245660?
8
What is the ten millions digit of 44640669?
4
What is the millions digit of 733521467?
3
What is the units digit of 109463243?
3
What is the hundred thousands digit of 8344802230?
8
What is the billions digit of 1513916087?
1
What is the ten millions digit of 34102060?
3
What is the ten thousands digit of 2854620268?
2
What is the hundred millions digit of 169787138?
1
What is the ten millions digit of 968289969?
6
What is the tens digit of 8703704971?
7
What is the tens digit of 4598286894?
9
What is the millions digit of 164932093?
4
What is the hundred millions digit of 216240255?
2
What is the tens digit of 56476225?
2
What is the ten thousands digit of 57434036?
3
What is the tens digit of 995849444?
4
What is the units digit of 50682825?
5
What is the hundreds digit of 1726772309?
3
What is the units digit of 32455347?
7
What is the millions digit of 3730180134?
0
What is the billions digit of 1824203151?
1
What is the units digit of 199640960?
0
What is the ten millions digit of 98420729?
9
What is the millions digit of 269304767?
9
What is the hundred thousands digit of 477256873?
2
What is the units digit of 109819420?
0
What is the hundred millions digit of 274843360?
2
What is the millions digit of 69349559?
9
What is the ten thousands digit of 1262471675?
7
What is the millions digit of 7440091077?
0
What is the hundred thousands digit of 108748307?
7
What is the billions digit